d 142?
71
Calculate the greatest common divisor of 8879 and 3692.
13
Calculate the highest common divisor of 252576 and 408.
24
Calculate the highest common divisor of 4892358 and 2.
2
What is the highest common divisor of 21 and 1767759?
21
Calculate the greatest common factor of 7906 and 7198.
118
What is the greatest common divisor of 131763 and 526?
263
Calculate the greatest common divisor of 951375 and 177.
177
Calculate the greatest common factor of 4655 and 105.
35
Calculate the highest common divisor of 399 and 1263.
3
Calculate the highest common divisor of 710 and 19454.
142
Calculate the greatest common divisor of 296782 and 179.
179
Calculate the highest common divisor of 2140 and 89345.
535
What is the highest common factor of 183 and 67649?
61
What is the highest common factor of 9504 and 654?
6
Calculate the greatest common factor of 344 and 44333.
43
What is the highest common divisor of 24 and 116964?
12
What is the highest common factor of 6 and 302448?
6
Calculate the greatest common divisor of 34606 and 1716.
286
What is the greatest common divisor of 16830 and 18?
18
Calculate the greatest common divisor of 64 and 84920.
8
What is the greatest common factor of 48 and 921432?
24
What is the greatest common divisor of 78871 and 13?
13
What is the greatest common factor of 79590 and 385?
35
What is the highest common divisor of 2160 and 116170?
10
What is the greatest common divisor of 1285 and 2827?
257
What is the highest common divisor of 285 and 1831695?
285
Calculate the highest common factor of 320 and 1352.
8
What is the highest common divisor of 24 and 16452?
12
What is the greatest common divisor of 144 and 79938?
18
Calculate the greatest common factor of 17845 and 30627.
83
What is the highest common factor of 6195 and 380373?
1239
Calculate the greatest common divisor of 99876 and 5292.
84
Calculate the greatest common factor of 192 and 4625472.
192
What is the greatest common divisor of 80 and 787?
1
Calculate the greatest common divisor of 158 and 92904.
158
What is the greatest common factor of 84553 and 2303?
329
Calculate the greatest common divisor of 2 and 579338.
2
What is the greatest common factor of 279 and 303645?
93
What is the highest common divisor of 639 and 79023?
213
Calculate the greatest common divisor of 208 and 161148.
52
Calculate the highest common divisor of 151118 and 22.
22
Calculate the greatest common factor of 2264 and 6698044.
1132
What is the greatest common factor of 732680 and 3640?
520
Calculate the highest common divisor of 87951 and 190.
19
What is the greatest common divisor of 173 and 90133?
173
What is the highest common divisor of 2418 and 2455076?
806
What is the highest common divisor of 86841 and 27?
9
What is the highest common divisor of 36872 and 74582?
838
Calculate the highest common factor of 10 and 55422.
2
Calculate the greatest common factor of 458171 and 61.
61
What is the greatest common divisor of 5337646 and 634?
634
Calculate the greatest common divisor of 244053 and 786.
393
What is the highest common factor of 50 and 2231120?
10
What is the highest common factor of 67072 and 917?
131
What is the greatest common divisor of 22386389 and 19?
19
Calculate the greatest common factor of 220 and 58070.
10
Calculate the greatest common factor of 2508 and 1914.
66
What is the greatest common factor of 1746143 and 7?
7
What is the greatest common factor of 940 and 150?
10
Calculate the highest common factor of 6498 and 672.
6
What is the greatest common factor of 37 and 18463?
37
What is the highest common divisor of 3787 and 97921?
541
What is the greatest common divisor of 1599 and 4182?
123
What is the highest common divisor of 191672 and 3458?
494
What is the highest common factor of 126698 and 29458?
286
What is the highest common divisor of 32697 and 5709?
519
Calculate the greatest common divisor of 67102 and 2744.
14
Calculate the highest common factor of 413107 and 73.
73
What is the greatest common factor of 11165 and 6391?
77
What is the highest common divisor of 497 and 3248?
7
What is the greatest common factor of 264 and 4632?
24
Calculate the greatest common divisor of 209 and 130867.
11
Calculate the highest common factor of 424 and 2264.
8
Calculate the greatest common divisor of 2538 and 1917.
27
What is the highest common factor of 52722 and 116?
58
What is the highest common divisor of 58 and 302528?
58
Calculate the greatest common divisor of 45933 and 1647.
183
What is the highest common divisor of 185948 and 232?
116
What is the greatest common factor of 138 and 238096?
46
Calculate the greatest common factor of 6018 and 578.
34
What is the greatest common factor of 2628 and 511?
73
Calculate the highest common factor of 23541 and 228.
57
Calculate the highest common factor of 272 and 26416.
16
What is the highest common factor of 25 and 9445?
5
Calculate the highest common factor of 204501 and 528.
33
What is the greatest common factor of 63 and 150732?
9
What is the highest common factor of 340078 and 138?
46
Calculate the greatest common divisor of 7201 and 1516.
379
What is the highest common factor of 4348 and 72?
4
Calculate the greatest common factor of 150 and 1866.
6
What is the highest common divisor of 123736 and 10?
2
Calculate the greatest common divisor of 11142 and 4.
2
Calculate the highest common factor of 2263 and 2336.
73
What is the highest common factor of 81 and 18873?
81
What is the greatest common divisor of 601141 and 14877?
551
What is the greatest common factor of 265236 and 8004?
276
Calculate the greatest common divisor of 324 and 64476.
324
What is the highest common factor of 78 and 33?
3
What is the greatest common factor of 39 and 28835157?
39
What is the highest common factor of 120 and 16392?
24
What is the highest common divisor of 79 and 2456742?
79
What is the highest common divisor of 664 and 540911?
83
Calculate the highest common divisor of 52197 and 12573.
381
Calculate the highest common factor of 9378 and 198.
18
What is the highest common divisor of 16 and 183360?
16
What is the highest common divisor of 10351 and 11?
11
Calculate the greatest common divisor of 2322 and 34722.
54
Calculate the greatest common divisor of 44418 and 264.
66
Calculate the greatest common divisor of 688 and 515699.
43
What is the greatest common factor of 390072 and 120?
24
What is the highest common factor of 594686 and 3681?
409
What is the highest common divisor of 394002 and 774?
18
Calculate the highest common factor of 142 and 38108.
2
Calculate the greatest common divisor of 1400 and 17400.
200
Calculate the highest common factor of 3512460 and 35.
35
Calculate the greatest common divisor of 91 and 72506.
7
Calculate the highest common factor of 596 and 9400708.
596
What is the highest common divisor of 46563 and 2244?
561
What is the greatest common divisor of 2142 and 75327?
357
What is the greatest common factor of 152799 and 318?
159
Calculate the highest common divisor of 60 and 5682.
6
What is the highest common factor of 304966 and 278?
278
What is the greatest common factor of 3608 and 968?
88
Calculate the greatest common factor of 287779 and 41.
41
What is the highest common factor of 9962 and 10841?
293
What is the greatest common divisor of 597 and 963359?
199
What is the greatest common factor of 1320 and 65010?
330
Calculate the greatest common divisor of 19673 and 8977.
191
Calculate the highest common divisor of 132 and 22638.
66
What is the greatest common divisor of 1017 and 40002?
339
Calculate the greatest common divisor of 10121 and 58.
29
Calculate the greatest common divisor of 27474 and 67239.
723
What is the highest common divisor of 940 and 214085?
235
What is the greatest common divisor of 14 and 278978?
14
Calculate the highest common factor of 741 and 1443.
39
Calculate the greatest common divisor of 9777520 and 80.
80
What is the highest common divisor of 31617 and 351?
27
Calculate the highest common divisor of 32 and 208672.
32
What is the greatest common divisor of 1370 and 6480?
10
What is the greatest common factor of 371858 and 102?
34
What is the highest common divisor of 318 and 1923?
3
Calculate the highest common factor of 9 and 12813.
3
Calculate the greatest common 